 common divisor of f and h?
13
Suppose -3*l + 11 = -4. Suppose -22 = -h - l. Calculate the highest common divisor of 34 and h.
17
Let j(d) = 8*d**2 + 13*d - 3. Let z be j(-2). Calculate the greatest common factor of 201 and z.
3
Suppose -19*l = -17*l - 3*n - 2383, l - 4*n - 1179 = 0. What is the greatest common factor of 327 and l?
109
Let p be (-4)/(-6) - 7/(42/(-8)). Calculate the highest common factor of p and 32.
2
Let v = -44 + 63. Let n(y) be the first derivative of y**4/2 - y**3 + 4*y**2 - 6*y + 1. Let p be n(5). Calculate the greatest common factor of v and p.
19
Suppose 0 = -3*q - 4*l + 304, 44*q = 39*q - 2*l + 516. Calculate the greatest common factor of q and 260.
52
Let s(o) = 2*o**2 - 5*o + 4. Let a be s(3). Let h = 20 - 16. Suppose -49 = -h*z - 3*z. Calculate the greatest common factor of z and a.
7
Suppose -10*m + 15 = -5*m. Suppose -2*b - b - 2*l + 110 = 0, m*b + 4*l - 100 = 0. Calculate the greatest common factor of 20 and b.
20
Let n(c) = 2*c**2 - 15*c + 11. Let r(h) = -5*h**2 + 44*h - 32. Let i(a) = 8*n(a) + 3*r(a). Let z be i(-13). Calculate the highest common factor of z and 5.
5
Suppose 5*j = 3*b + 320, 35*b - 32*b - 64 = -j. Suppose -2*a - a + 96 = 0. Calculate the greatest common divisor of a and j.
32
Suppose 11*x - 5*x = 306. Let j = 76 - x. Calculate the highest common divisor of 175 and j.
25
Suppose 494 + 218 = 8*h. Calculate the greatest common divisor of 3293 and h.
89
Suppose 0 = -f - 4*s + 2, 7*s - 11*s - 68 = -4*f. Let d = -3 - -4. Let y be 72 + -4 + (d - -1). Calculate the greatest common divisor of y and f.
14
Let g = -2 - 2. Let c be (1 - -10)/(g/(-20)). Suppose h + 5 - c = 0. Calculate the greatest common factor of h and 10.
10
Let x = 14 - 3. Suppose -x*g + 6*g + 160 = 0. Suppose -a + g = a. Calculate the highest common factor of a and 80.
16
Let r(h) = -64*h + 5. Let d be r(1). Let u = 103 + d. Calculate the highest common factor of 11 and u.
11
Suppose 8*j - 5 = -29. Let v be 25/(3 + 1 + j). Suppose 0 = -2*x + x - 3*f + 35, -2*f = -x + v. What is the highest common factor of 232 and x?
29
Let t = 4653 + -3022. What is the greatest common factor of t and 7?
7
Let h(p) = 5*p + 24. Let n be h(-5). Let q be n + -2 + 11 - -1. Calculate the greatest common divisor of q and 18.
9
Let n(r) be the third derivative of -r**6/120 + r**5/15 + 11*r**4/24 + 7*r**3/3 + 39*r**2. Let w be n(6). What is the highest common factor of w and 56?
8
Let v = 35 + -21. Let m = v - 5. Suppose 5*h - h = -4*t + 240, 5*h + 204 = 3*t. What is the greatest common divisor of m and t?
9
Let d(g) = -2*g**3 - 4*g**2 - 5*g - 5. Let u be d(-3). What is the greatest common factor of u and 1?
1
Let w = -125 + 125. Suppose -3*n + w*n = -18. Calculate the greatest common divisor of n and 96.
6
Let l = 101 - 74. Suppose -90 = -5*h + 2*a - a, -l = -h + 2*a. Calculate the greatest common factor of 51 and h.
17
Suppose 18 = 12*p - 18. Suppose -r - 2*q = 4*r - 182, -q - 107 = -p*r. What is the greatest common factor of r and 18?
18
Let q = -793 + 801. Let u be (-20)/(-6)*(-36)/(-15). What is the greatest common divisor of u and q?
8
Let b = -394 + 668. Suppose -b = -3*a - 5*t + 3*t, -4*t = -8. What is the greatest common divisor of 15 and a?
15
Suppose 3*p - 5856 = -3*s, 0*p - 4*p - 12 = 0. Suppose 22*n - s = 5*n. Suppose 81 = 4*c - 103. What is the greatest common factor of n and c?
23
Let a be 200 - (-4 + (-12)/(-2)). Suppose 4*c - a = 486. What is the highest common factor of c and 19?
19
Let k = -7 + 7. Suppose k = 2*t - 8*t + 264. Calculate the highest common divisor of 66 and t.
22
Let o = 3861 - 2511. What is the greatest common factor of 60 and o?
30
Suppose -1 = 6*n - 13. Suppose 0 = 5*m - 6*m - n. Let c be (-2 - (m - 3))*51. What is the highest common divisor of c and 17?
17
Let q(u) = 2*u**2 + 11*u + 24. Let k be q(-3). Suppose 4*h - 284 = 2*x, 0*x + 364 = 5*h + 2*x. Calculate the greatest common factor of h and k.
9
Let j(u) = u**2 - 10*u - 12. Let d be j(11). Let x be (d/(-2))/((-1)/(-10)). Let z be (-1)/x - 322/(-10). Calculate the highest common divisor of 16 and z.
16
Suppose 2*t - 51 = t + 4*s, 4*s = -2*t + 126. Let l = 244 + t. Suppose 4*p = -3*o + 2*p + l, 0 = -5*p + 15. Calculate the greatest common factor of 9 and o.
9
Let j = 16 - 13. Suppose -j*i = -g - 189, 0 = -4*i + 3*g - 0*g + 252. Suppose -5*v + i = -22. Calculate the highest common factor of 85 and v.
17
Let o(l) = l**3 - 11*l**2 - 19*l. Let b be o(12). Let n = b - -114. Let m be (-3)/9 - 61/(-3). What is the greatest common divisor of n and m?
10
Let u = -426 + 430. Let a(f) = -3*f - 6. Let i = -8 - -4. Let v be a(i). Calculate the greatest common divisor of u and v.
2
Let t = 1089 + -1039. Calculate the greatest common divisor of 175 and t.
25
Let z(w) = w**3 + 12*w**2 - 4*w - 35. Let r be z(-12). Let l(n) = 104 + 2*n - 3*n + 0*n. Let d be l(0). Calculate the highest common factor of r and d.
13
Suppose 0 = -4*w - 4*l + 372, 415 = 5*w + 4*l - 9*l. Calculate the highest common divisor of 8 and w.
8
Let u be 2*(-3)/((-12)/14). Let r(l) = -l**2 + 11*l - 9. Let o be r(u). Suppose -7*n + 90 = -43. Calculate the highest common divisor of o and n.
19
Let s be 1*(0 + -1) - -6. Suppose -s*p - 360 = -10*p. What is the highest common divisor of 24 and p?
24
Let y(k) = 28 + 5*k - 5*k + 61*k**2 - 59*k**2. Let c be y(0). What is the greatest common factor of 28 and c?
28
Suppose 0 = -13*a + 26*a - 6565. What is the highest common divisor of a and 303?
101
Suppose -46 + 136 = 9*h. What is the greatest common factor of 3 and h?
1
Let t(b) = 202*b**3 - 2*b**2 + b. Let n be t(1). Suppose 35*r = 39*r + 540. Let v = n + r. Calculate the highest common divisor of 6 and v.
6
Let m = 943 + -935. Suppose 52 + 74 = 3*f + 2*w, 5*f = -3*w + 211. What is the highest common divisor of f and m?
4
Let p(w) = -w**2 + 34*w - 133. Let y be p(26). What is the greatest common factor of 165 and y?
15
Let f(l) = -2*l - 10. Let n be f(-8). Let a = n - -10. Suppose -369 = -4*o - 49. Calculate the highest common factor of o and a.
16
Let h be (-30)/4*2292/(-18). Suppose -h = 7*t - 12*t. Let q = t - 114. What is the highest common divisor of 11 and q?
11
Let n(z) = z**2 - 7*z + 8. Let g be n(6). Suppose -2*l - 5*q + 52 = 0, g*q = l + 1 - 9. Calculate the greatest common factor of 16 and l.
16
Suppose 17*u - 2845 + 550 = 0. Calculate the highest common factor of u and 45.
45
Let f be (-15)/5 + 71 - (-2 + -2). Let h = f + -54. What is the greatest common factor of 99 and h?
9
Let f = 2520 + -2448. Let o = 13 - -3. Calculate the greatest common factor of f and o.
8
Let m = 86 + -57. What is the greatest common divisor of 899 and m?
29
Let u = -208 - -51. Let m = -20 - u. Let d = -57 + m. Calculate the greatest common divisor of 8 and d.
8
Let k(j) = -j**3 - 6*j + 45. Let i be k(0). What is the highest common divisor of 10 and i?
5
Suppose 0 = -2*s + 3 + 3. Let z(v) = 4*v + 2 - 4 - 3*v**2 + 4 - v**s. Let u be z(-4). Calculate the greatest common divisor of 4 and u.
2
Suppose -w + 5*w = -68. Let d = w + 21. What is the greatest common divisor of d and 36?
4
Suppose 0 = 3*x - 4*h - 102, -3*x = 2*h - 3*h - 93. Let p = -83 + 103. Calculate the highest common factor of p and x.
10
Let b(l) = l**3 + 10*l**2 - l + 7. Let d be b(-7). Let p = -107 + d. Calculate the highest common factor of p and 18.
18
Suppose 2*z + 21 - 73 = 0. Suppose 0 = -n - p - p - 46, 0 = -4*n + 2*p - 234. Let a = 95 + n. Calculate the highest common factor of z and a.
13
Let q(c) = -13*c + 2. Let z be q(-4). Let b = -3191 - -3209. What is the greatest common factor of b and z?
18
Let m(x) = -19*x + 429. Let j be m(-11). What is the greatest common divisor of 58 and j?
58
Let h be 15/30 + (2 - (-2)/(-4)). What is the greatest common factor of h and 54?
2
Let q(r) = -4*r - 10. Let j(a) = -a**2 - 19*a - 4. Let s be j(-19). Let h be q(s). What is the greatest common factor of h and 4?
2
Let r(o) = -5*o**3 + 3 - 10*o - 3*o**2 - 8 + 4*o**3 + 7. Let i be r(-5). Calculate the greatest common factor of i and 153.
51
Suppose 5*z = 9 + 1. Suppose -4*b - 3*k - 3 = -z, -2*k - 8 = -b. Suppose -168 = -b*s - 4*c + 2*c, 3*c = 0. Calculate the highest common divisor of 12 and s.
12
Let a(c) = 2*c**2 + 11*c. Let q be a(-8). Calculate the greatest common factor of